
What is the highest common divisor of 1380 and 12?
12
What is the highest common factor of 10 and 270?
10
What is the greatest common divisor of 209 and 253?
11
Calculate the greatest common factor of 214 and 60562.
214
What is the highest common divisor of 368 and 144?
16
What is the highest common divisor of 36 and 2250?
18
What is the greatest common divisor of 5 and 95?
5
Calculate the greatest common factor of 28 and 4074.
14
What is the greatest common divisor of 120 and 40?
40
What is the greatest common factor of 1717 and 17?
17
Calculate the greatest common factor of 21 and 273.
21
Calculate the highest common divisor of 102 and 2686.
34
What is the highest common divisor of 28 and 216?
4
Calculate the greatest common factor of 42 and 63.
21
Calculate the greatest common divisor of 20 and 23.
1
What is the greatest common factor of 75 and 6450?
75
Calculate the highest common factor of 55 and 187.
11
Calculate the greatest common divisor of 18 and 8.
2
Calculate the highest common divisor of 532 and 5700.
76
What is the highest common divisor of 4048 and 176?
176
What is the greatest common factor of 99 and 693?
99
Calculate the highest common divisor of 768 and 3792.
48
What is the highest common factor of 30 and 398?
2
Calculate the highest common factor of 1089 and 36663.
363
Calculate the greatest common divisor of 320 and 16.
16
What is the highest common factor of 359 and 1?
1
What is the greatest common divisor of 2 and 23?
1
Calculate the greatest common divisor of 7973 and 595.
119
What is the greatest common factor of 12 and 24?
12
What is the greatest common factor of 8 and 348?
4
What is the greatest common factor of 297 and 143?
11
What is the greatest common divisor of 13350 and 356?
178
What is the highest common factor of 176 and 96?
16
What is the greatest common factor of 21 and 7455?
21
Calculate the highest common factor of 21 and 7.
7
Calculate the highest common factor of 28 and 133.
7
Calculate the highest common factor of 78521 and 337.
337
Calculate the highest common factor of 57624 and 168.
168
Calculate the highest common factor of 19866 and 56.
14
What is the greatest common factor of 352 and 32?
32
Calculate the greatest common divisor of 828 and 468.
36
What is the greatest common factor of 296 and 111?
37
Calculate the greatest common divisor of 37 and 8991.
37
Calculate the greatest common divisor of 2 and 2.
2
What is the greatest common factor of 2328 and 48?
24
What is the highest common divisor of 289 and 85?
17
Calculate the greatest common factor of 4396 and 84.
28
What is the greatest common factor of 23 and 184?
23
Calculate the highest common divisor of 9220 and 10.
10
What is the highest common divisor of 3 and 1401?
3
What is the greatest common factor of 124 and 6293?
31
Calculate the highest common factor of 40 and 160.
40
Calculate the highest common factor of 1908 and 180.
36
Calculate the greatest common factor of 2073 and 12.
3
What is the highest common factor of 8 and 136?
8
Calculate the highest common divisor of 169 and 26.
13
Calculate the greatest common factor of 7016 and 16.
8
What is the highest common divisor of 14 and 448?
14
Calculate the greatest common divisor of 576 and 63.
9
Calculate the highest common divisor of 108 and 567.
27
What is the greatest common factor of 15 and 3?
3
Calculate the greatest common factor of 90 and 520.
10
Calculate the highest common factor of 438 and 102.
6
Calculate the greatest common factor of 873 and 9.
9
What is the highest common divisor of 22 and 2?
2
Calculate the greatest common factor of 99 and 165.
33
Calculate the greatest common factor of 30 and 12135.
15
Calculate the highest common divisor of 19 and 1121.
19
What is the greatest common factor of 496 and 62?
62
What is the highest common factor of 14148 and 216?
108
Calculate the greatest common factor of 24 and 9.
3
Calculate the greatest common factor of 338 and 39.
13
What is the highest common factor of 52923 and 354?
177
Calculate the highest common divisor of 2 and 8.
2
Calculate the highest common divisor of 1173 and 102.
51
What is the greatest common factor of 1188 and 330?
66
What is the highest common divisor of 392 and 56?
56
What is the greatest common factor of 30 and 3190?
10
What is the greatest common divisor of 1 and 23?
1
What is the greatest common divisor of 138 and 207?
69
Calculate the greatest common factor of 256 and 7040.
128
What is the highest common divisor of 528 and 4950?
66
Calculate the greatest common factor of 18452 and 28.
28
What is the greatest common divisor of 8430 and 60?
30
What is the highest common divisor of 17152 and 67?
67
Calculate the greatest common factor of 164 and 205.
41
What is the highest common divisor of 736 and 138?
46
Calculate the greatest common divisor of 243 and 18.
9
Calculate the highest common factor of 3473 and 453.
151
Calculate the greatest common divisor of 266 and 42.
14
Calculate the greatest common factor of 376 and 141.
47
What is the highest common divisor of 56 and 392?
56
What is the greatest common divisor of 9 and 554?
1
What is the greatest common divisor of 574 and 1064?
14
What is the greatest common divisor of 12 and 768?
12
What is the highest common divisor of 45 and 18?
9
Calculate the greatest common divisor of 30 and 8670.
30
Calculate the greatest common factor of 5 and 505.
5
Calculate the highest common factor of 530 and 20.
10
Calculate the greatest common factor of 24 and 120.
24
Calculate the greatest common divisor of 1398 and 1165.
233
Calculate the highest common divisor of 1677 and 39.
39
Calculate the greatest common factor of 44 and 388.
4
What is the highest common factor of 248 and 360?
8
What is the greatest common factor of 15 and 735?
15
What is the highest common factor of 7077 and 21?
21
What is the highest common divisor of 272 and 4216?
136
What is the greatest common factor of 434 and 28?
14
Calculate the greatest common divisor of 10 and 215.
5
Calculate the greatest common divisor of 3097 and 741.
19
What is the highest common divisor of 252 and 44478?
126
Calculate the highest common divisor of 63 and 2163.
21
What is the greatest common factor of 90 and 45?
45
Calculate the highest common factor of 168 and 3.
3
Calculate the greatest common divisor of 272 and 9894.
34
What is the highest common divisor of 15550 and 10?
10
What is the greatest common divisor of 3500 and 140?
140
What is the greatest common divisor of 10322 and 52?
26
Calculate the highest common factor of 33 and 209.
11
What is the greatest common factor of 302 and 38?
2
Calculate the greatest common factor of 12707 and 393.
131
What is the highest common divisor of 2 and 34?
2
What is the highest common divisor of 4433 and 33?
11
What is the highest common divisor of 53 and 8003?
53
Calculate the highest common factor of 19 and 209.
19
What is the highest common divisor of 44 and 3069?
11
Calculate the highest common factor of 42 and 336.
42
What is the highest common divisor of 59 and 3776?
59
What is the highest common divisor of 136 and 10?
2
What is the greatest common factor of 1911 and 39?
39
What is the highest common factor of 37 and 851?
37
What is the greatest common factor of 3956 and 23?
23
Calculate the greatest common factor of 237 and 3.
3
Calculate the highest common divisor of 156 and 1326.
78
What is the greatest common factor of 666 and 1258?
74
Calculate the greatest common divisor of 275 and 22.
11
What is the highest common divisor of 51 and 51?
51
What is the highest common factor of 12 and 138?
6
What is the highest common divisor of 629 and 74?
37
What is the greatest common divisor of 12 and 30?
6
Calculate the highest common factor of 72 and 19296.
72
Calculate the greatest common divisor of 2528 and 1106.
158
What is the highest common divisor of 6156 and 18?
18
What is the highest common divisor of 144 and 7936?
16
What is the greatest common divisor of 7425 and 900?
225
Calculate the highest common factor of 3090 and 30.
30
Calculate the greatest common divisor of 5035 and 760.
95
What is the greatest common divisor of 71 and 14129?
71
Calculate the greatest common factor of 30 and 7660.
10
What is the greatest common factor of 13 and 611?
13
Calculate the highes